{"id":9,"date":"2019-11-11T09:41:05","date_gmt":"2019-11-11T09:41:05","guid":{"rendered":"http:\/\/gasthof-klier.de\/?page_id=9"},"modified":"2020-01-02T18:23:21","modified_gmt":"2020-01-02T18:23:21","slug":"freizeit","status":"publish","type":"page","link":"https:\/\/gasthof-klier.de\/?page_id=9","title":{"rendered":"Freizeit"},"content":{"rendered":"\n<p>\n\nInformationsmaterial zu den verschiedenen Freizeitm\u00f6glichkeiten erhalten Sie an der Rezeption.\n\n<\/p>\n\n\n\n<h4 class=\"wp-block-heading\"> \u201eWaldwoge reiht sich an Waldwoge\u2026\u201c<br> \u2026 so beschrieb Adalbert Stifter die Landschaft des Bayerischen Waldes <\/h4>\n\n\n\n<p> Das gr\u00f6\u00dfte Waldgebirge Mitteleuropas bietet Ihnen erholsame Spazierg\u00e4nge oder ausgiebige Wanderungen zu jeder Jahreszeit. Tauchen Sie ein in diese faszinierende Naturlandschaft. Lernen Sie ihre Wunder kennen und begeben Sie sich auf die Spuren der Menschen, die seit Jahrhunderten in und mit diesem Wald leben. Arber, Osser, Kaitersberg und Hoher Bogen hei\u00dfen die Berge rund um unser Haus. Mehrere Dutzend Touren, von leicht bis schwer, k\u00f6nnen Sie direkt an unserem Haus beginnen. Glash\u00fctte, Kunsthandwerksbetriebe, Schnapsbrennereien, Lifte, Erlebnisb\u00e4der und insbesondere der Nationalpark Bayerischer Wald liegen nicht weit entfernt. Die St\u00e4dte Regensburg, Passau oder Prag lohnen einen Tagesausflug. <\/p>\n\n\n\n<p><\/p>\n\n\n\n<figure class=\"wp-block-image\"><img decoding=\"async\" src=\"http:\/\/gasthof-klier.de\/wp-content\/uploads\/2019\/11\/59_bild.jpg\" alt=\"\" class=\"wp-image-41\"\/><\/figure>\n\n\n\n<h4 class=\"wp-block-heading\">Ein Hochgenuss \u2013 im Sommer wie im Winter<\/h4>\n\n\n\n<p>\n\nIm Sommer sind\u2019s die Wanderschuhe und das Tourenrad oder Mountainbike, die uns ins Drau\u00dfen f\u00fchren. Im Winter sind\u2019s die Ski. Rund um unser Haus gibt es eine Vielzahl hervorragender Langlaufgebiete. Ein Einstieg ist unmittelbar vor der Haust\u00fcre m\u00f6glich \u2013 vom Fr\u00fchst\u00fcckstisch in die Loipe sozusagen. Die beiden interessantesten Pistengebiete des Bayerischen Waldes \u2013 Arber und Hoher Bogen \u2013 liegen beide nur wenige Autominuten von unserem Haus entfernt. Und Schneeschuh-Geher finden ein echtes Paradies vor. Ihnen stehen auch im Winter alle unsere Hausberge offen. Lassen Sie sich ein auf den Winterwald. Sie werden es nicht bereuen!<br><\/p>\n\n\n\n<figure class=\"wp-block-image\"><img decoding=\"async\" src=\"http:\/\/gasthof-klier.de\/wp-content\/uploads\/2019\/11\/58_bild.jpg\" alt=\"\" class=\"wp-image-42\"\/><\/figure>\n\n\n\n<h4 class=\"wp-block-heading\">Interessante Links<\/h4>\n\n\n\n<p>Hier finden Sie interessante Links zu attraktiven Freizeitangeboten in der Umgebung:<\/p>\n\n\n\n<ul class=\"wp-block-list\"><li><a target=\"_blank\" href=\"http:\/\/www.nationalpark-bayerischer-wald.de\/\" rel=\"noreferrer noopener\"><strong>Nationalpark Bayerischer Wald<\/strong><\/a><\/li><li><a target=\"_blank\" href=\"http:\/\/www.urlaub-reise-portal.de\/sehenswuerdigkeiten.html\" rel=\"noreferrer noopener\"><strong>Verzeichnis Sehensw\u00fcrdigkeiten<\/strong><\/a><\/li><li><a target=\"_blank\" href=\"http:\/\/www.buch24.de\/1001-0\/2-1846-3.html\" rel=\"noreferrer noopener\"><strong>Wanderkarten und Reisef\u00fchrer Bayerischer Wald<\/strong><\/a><\/li><\/ul>\n","protected":false},"excerpt":{"rendered":"<p>Informationsmaterial zu den verschiedenen Freizeitm\u00f6glichkeiten erhalten Sie an der Rezeption. \u201eWaldwoge reiht sich an Waldwoge\u2026\u201c \u2026 so beschrieb Adalbert Stifter die Landschaft des Bayerischen Waldes<span class=\"more-button\"><a href=\"https:\/\/gasthof-klier.de\/?page_id=9\" class=\"more-link\">Continue Reading<span class=\"screen-reader-text\">Freizeit<\/span><\/a><\/span><\/p>\n","protected":false},"author":3,"featured_media":0,"parent":0,"menu_order":0,"comment_status":"closed","ping_status":"closed","template":"","meta":{"footnotes":""},"class_list":["post-9","page","type-page","status-publish","hentry"],"_links":{"self":[{"href":"https:\/\/gasthof-klier.de\/index.php?rest_route=\/wp\/v2\/pages\/9","targetHints":{"allow":["GET"]}}],"collection":[{"href":"https:\/\/gasthof-klier.de\/index.php?rest_route=\/wp\/v2\/pages"}],"about":[{"href":"https:\/\/gasthof-klier.de\/index.php?rest_route=\/wp\/v2\/types\/page"}],"author":[{"embeddable":true,"href":"https:\/\/gasthof-klier.de\/index.php?rest_route=\/wp\/v2\/users\/3"}],"replies":[{"embeddable":true,"href":"https:\/\/gasthof-klier.de\/index.php?rest_route=%2Fwp%2Fv2%2Fcomments&post=9"}],"version-history":[{"count":2,"href":"https:\/\/gasthof-klier.de\/index.php?rest_route=\/wp\/v2\/pages\/9\/revisions"}],"predecessor-version":[{"id":43,"href":"https:\/\/gasthof-klier.de\/index.php?rest_route=\/wp\/v2\/pages\/9\/revisions\/43"}],"wp:attachment":[{"href":"https:\/\/gasthof-klier.de\/index.php?rest_route=%2Fwp%2Fv2%2Fmedia&parent=9"}],"curies":[{"name":"wp","href":"https:\/\/api.w.org\/{rel}","templated":true}]}}