{"id":2,"date":"2016-05-10T03:48:21","date_gmt":"2016-05-10T03:48:21","guid":{"rendered":"http:\/\/gasthof-klier.de\/?page_id=2"},"modified":"2026-01-11T10:09:16","modified_gmt":"2026-01-11T10:09:16","slug":"sample-page","status":"publish","type":"page","link":"https:\/\/gasthof-klier.de\/","title":{"rendered":"Herzliches Gr\u00fc\u00df Gott bei uns"},"content":{"rendered":"\n<h3 class=\"wp-block-heading\">Ankommen und sich wohlf\u00fchlen \u2013 Gastfreundschaft erleben \u2013 entspannte Urlaubstage genie\u00dfen \u2013 Erholung zu jeder Jahreszeit!<\/h3>\n\n\n\n<figure class=\"wp-block-gallery aligncenter has-nested-images columns-default is-cropped wp-block-gallery-1 is-layout-flex wp-block-gallery-is-layout-flex\">\n<figure class=\"wp-block-image size-large\"><img loading=\"lazy\" decoding=\"async\" width=\"615\" height=\"307\" data-id=\"158\" src=\"http:\/\/gasthof-klier.de\/wp-content\/uploads\/2020\/01\/header-1.jpg\" alt=\"\" class=\"wp-image-158\" srcset=\"https:\/\/gasthof-klier.de\/wp-content\/uploads\/2020\/01\/header-1.jpg 615w, https:\/\/gasthof-klier.de\/wp-content\/uploads\/2020\/01\/header-1-300x150.jpg 300w\" sizes=\"auto, (max-width: 615px) 100vw, 615px\" \/><\/figure>\n<\/figure>\n\n\n\n<p><\/p>\n\n\n\n<p>Unsere Ferienwohnungen liegen zentral und doch ruhig am Ortsrand von Hohenwarth im Wanderparadies  Naturpark Oberer Bayerischer Wald.<\/p>\n\n\n\n<p>Wir freuen uns, Sie begr\u00fc\u00dfen zu d\u00fcrfen.<\/p>\n\n\n\n<p>Ihre Familie Klier<\/p>\n","protected":false},"excerpt":{"rendered":"<p>Ankommen und sich wohlf\u00fchlen \u2013 Gastfreundschaft erleben \u2013 entspannte Urlaubstage genie\u00dfen \u2013 Erholung zu jeder Jahreszeit! Unsere Ferienwohnungen liegen zentral und doch ruhig am Ortsrand<span class=\"more-button\"><a href=\"https:\/\/gasthof-klier.de\/\" class=\"more-link\">Continue Reading<span class=\"screen-reader-text\">Herzliches Gr\u00fc\u00df Gott bei uns<\/span><\/a><\/span><\/p>\n","protected":false},"author":3,"featured_media":0,"parent":0,"menu_order":0,"comment_status":"closed","ping_status":"open","template":"","meta":{"footnotes":""},"class_list":["post-2","page","type-page","status-publish","hentry"],"_links":{"self":[{"href":"https:\/\/gasthof-klier.de\/index.php?rest_route=\/wp\/v2\/pages\/2","targetHints":{"allow":["GET"]}}],"collection":[{"href":"https:\/\/gasthof-klier.de\/index.php?rest_route=\/wp\/v2\/pages"}],"about":[{"href":"https:\/\/gasthof-klier.de\/index.php?rest_route=\/wp\/v2\/types\/page"}],"author":[{"embeddable":true,"href":"https:\/\/gasthof-klier.de\/index.php?rest_route=\/wp\/v2\/users\/3"}],"replies":[{"embeddable":true,"href":"https:\/\/gasthof-klier.de\/index.php?rest_route=%2Fwp%2Fv2%2Fcomments&post=2"}],"version-history":[{"count":10,"href":"https:\/\/gasthof-klier.de\/index.php?rest_route=\/wp\/v2\/pages\/2\/revisions"}],"predecessor-version":[{"id":299,"href":"https:\/\/gasthof-klier.de\/index.php?rest_route=\/wp\/v2\/pages\/2\/revisions\/299"}],"wp:attachment":[{"href":"https:\/\/gasthof-klier.de\/index.php?rest_route=%2Fwp%2Fv2%2Fmedia&parent=2"}],"curies":[{"name":"wp","href":"https:\/\/api.w.org\/{rel}","templated":true}]}}

Herzliches Grüß Gott bei uns

<h3 class="wp-block-heading">Ankommen und sich wohlfühlen – Gastfreundschaft erleben – entspannte Urlaubstage genießen – Erholung zu jeder Jahreszeit!</h3>



<figure class="wp-block-gallery aligncenter has-nested-images columns-default is-cropped wp-block-gallery-1 is-layout-flex wp-block-gallery-is-layout-flex">
<figure class="wp-block-image size-large"><img loading="lazy" decoding="async" width="615" height="307" data-id="158" src="http://gasthof-klier.de/wp-content/uploads/2020/01/header-1.jpg" alt="" class="wp-image-158" srcset="https://gasthof-klier.de/wp-content/uploads/2020/01/header-1.jpg 615w, https://gasthof-klier.de/wp-content/uploads/2020/01/header-1-300x150.jpg 300w" sizes="auto, (max-width: 615px) 100vw, 615px" /></figure>
</figure>



<p></p>



<p>Unsere Ferienwohnungen liegen zentral und doch ruhig am Ortsrand von Hohenwarth im Wanderparadies  Naturpark Oberer Bayerischer Wald.</p>



<p>Wir freuen uns, Sie begrüßen zu dürfen.</p>



<p>Ihre Familie Klier</p>

<p>Ankommen und sich wohlfühlen – Gastfreundschaft erleben – entspannte Urlaubstage genießen – Erholung zu jeder Jahreszeit! Unsere Ferienwohnungen liegen zentral und doch ruhig am Ortsrand<span class="more-button"><a href="https://gasthof-klier.de/" class="more-link">Continue Reading<span class="screen-reader-text">Herzliches Grüß Gott bei uns</span></a></span></p>
